
401
Calculate the remainder when 4177 is divided by 449.
136
What is the remainder when 4544 is divided by 2676?
1868
What is the remainder when 17089 is divided by 1138?
19
Calculate the remainder when 90639 is divided by 762.
723
What is the remainder when 534 is divided by 479?
55
What is the remainder when 9151 is divided by 56?
23
Calculate the remainder when 5871 is divided by 89.
86
Calculate the remainder when 762779 is divided by 27.
2
What is the remainder when 932265 is divided by 233066?
1
Calculate the remainder when 9650 is divided by 27.
11
Calculate the remainder when 2268 is divided by 86.
32
Calculate the remainder when 29602 is divided by 185.
2
What is the remainder when 90122 is divided by 29?
19
Calculate the remainder when 290599 is divided by 650.
49
What is the remainder when 631341 is divided by 38?
9
What is the remainder when 12348 is divided by 65?
63
Calculate the remainder when 252402 is divided by 11.
7
Calculate the remainder when 895 is divided by 217.
27
What is the remainder when 54434 is divided by 1008?
2
What is the remainder when 49426 is divided by 24699?
28
What is the remainder when 32951 is divided by 1320?
1271
Calculate the remainder when 45581 is divided by 86.
1
Calculate the remainder when 62923 is divided by 520.
3
What is the remainder when 2319 is divided by 56?
23
What is the remainder when 417 is divided by 362?
55
Calculate the remainder when 137730 is divided by 137727.
3
Calculate the remainder when 9618 is divided by 1070.
1058
What is the remainder when 350310 is divided by 4272?
6
Calculate the remainder when 7478 is divided by 15.
8
Calculate the remainder when 8858 is divided by 2211.
14
Calculate the remainder when 29568 is divided by 1975.
1918
What is the remainder when 98228 is divided by 270?
218
What is the remainder when 2046 is divided by 259?
233
What is the remainder when 6429 is divided by 92?
81
Calculate the remainder when 986368 is divided by 610.
608
Calculate the remainder when 174659 is divided by 129.
122
What is the remainder when 86085 is divided by 9565?
0
What is the remainder when 255298 is divided by 92?
90
Calculate the remainder when 4538 is divided by 905.
13
Calculate the remainder when 12682 is divided by 18.
10
Calculate the remainder when 2500 is divided by 931.
638
What is the remainder when 15121 is divided by 219?
10
Calculate the remainder when 774244 is divided by 110606.
2
Calculate the remainder when 126091 is divided by 149.
37
What is the remainder when 41999 is divided by 221?
9
Calculate the remainder when 7179 is divided by 24.
3
What is the remainder when 6065 is divided by 84?
17
What is the remainder when 26543 is divided by 26489?
54
What is the remainder when 49568 is divided by 253?
233
Calculate the remainder when 741740 is divided by 109.
104
Calculate the remainder when 14897 is divided by 180.
137
Calculate the remainder when 288157 is divided by 57630.
7
Calculate the remainder when 2169 is divided by 62.
61
What is the remainder when 30060 is divided by 107?
100
What is the remainder when 639709 is divided by 106?
105
What is the remainder when 55316 is divided by 30?
26
Calculate the remainder when 294670 is divided by 50.
20
What is the remainder when 3084 is divided by 1203?
678
What is the remainder when 63320 is divided by 273?
257
What is the remainder when 91054 is divided by 271?
269
Calculate the remainder when 1364 is divided by 811.
553
What is the remainder when 418245 is divided by 74?
71
Calculate the remainder when 1500 is divided by 212.
16
What is the remainder when 35891 is divided by 7?
2
Calculate the remainder when 26134 is divided by 24.
22
Calculate the remainder when 32891 is divided by 8158.
259
What is the remainder when 374715 is divided by 30?
15
What is the remainder when 11532 is divided by 2303?
17
Calculate the remainder when 3096 is divided by 284.
256
What is the remainder when 4781 is divided by 157?
71
What is the remainder when 4954 is divided by 448?
26
Calculate the remainder when 47926 is divided by 7.
4
What is the remainder when 155138 is divided by 351?
347
Calculate the remainder when 12668 is divided by 3165.
8
What is the remainder when 1737 is divided by 1314?
423
Calculate the remainder when 41275 is divided by 880.
795
Calculate the remainder when 6113 is divided by 2742.
629
Calculate the remainder when 578366 is divided by 32131.
8
Calculate the remainder when 415808 is divided by 990.
8
What is the remainder when 81218 is divided by 4512?
2
Calculate the remainder when 6216 is divided by 98.
42
Calculate the remainder when 3630407 is divided by 662.
661
Calculate the remainder when 2115 is divided by 700.
15
Calculate the remainder when 1465 is divided by 706.
53
What is the remainder when 860569 is divided by 276?
1
What is the remainder when 11937 is divided by 199?
196
Calculate the remainder when 9381 is divided by 9148.
233
What is the remainder when 4021377 is divided by 2891?
2887
Calculate the remainder when 1986 is divided by 111.
99
Calculate the remainder when 8167 is divided by 1012.
71
What is the remainder when 17359 is divided by 3445?
134
What is the remainder when 81288 is divided by 110?
108
Calculate the remainder when 3965 is divided by 1105.
650
Calculate the remainder when 716 is divided by 126.
86
Calculate the remainder when 154584 is divided by 223.
45
What is the remainder when 124250 is divided by 27?
23
What is the remainder when 798209 is divided by 36?
17
What is the remainder when 1201 is divided by 41?
12
Calculate the remainder when 655815 is divided by 31.
10
What is the remainder when 61371 is divided by 370?
321
Calculate the remainder when 88113 is divided by 561.
36
What is the remainder when 162517 is divided by 17?
14
Calculate the remainder when 952 is divided by 38.
2
Calculate the remainder when 92469 is divided by 4.
1
What is the remainder when 377169 is divided by 179?
16
What is the remainder when 199431 is divided by 257?
256
What is the remainder when 9425 is divided by 157?
5
What is the remainder when 77758 is divided by 948?
22
Calculate the remainder when 11710 is divided by 13.
10
What is the remainder when 30076 is divided by 206?
0
What is the remainder when 93008 is divided by 31002?
2
What is the remainder when 17738 is divided by 4433?
6
What is the remainder when 909917 is divided by 2068?
2065
Calculate the remainder when 33806 is divided by 16899.
8
What is the remainder when 23602 is divided by 241?
225
What is the remainder when 29485 is divided by 1733?
24
Calculate the remainder when 58784 is divided by 291.
2
What is the remainder when 3585 is divided by 408?
321
What is the remainder when 4050 is divided by 3956?
94
What is the remainder when 29236 is divided by 3639?
124
What is the remainder when 7171 is divided by 1024?
3
Calculate the remainder when 159655 is divided by 31924.
35
Calculate the remainder when 2684 is divided by 1256.
172
Calculate the remainder when 80516 is divided by 163.
157
Calculate the remainder when 18161 is divided by 18150.
11
Calculate the remainder when 11488 is divided by 39.
22
What is the remainder when 44271 is divided by 172?
67
What is the remainder when 63402 is divided by 4?
2
Calculate the remainder when 5645 is divided by 332.
1
What is the remainder when 1595 is divided by 46?
31
What is the remainder when 60807 is divided by 23?
18
What is the remainder when 40374 is divided by 878?
864
Calculate the remainder when 54961 is divided by 18314.
19
Calculate the remainder when 41453 is divided by 755.
683
Calculate the remainder when 7895 is divided by 52.
43
Calculate the remainder when 29920 is divided by 14955.
10
What is the remainder when 66625 is divided by 28?
13
What is the remainder when 8372 is divided by 4186?
0
What is the remainder when 14989 is divided by 935?
29
Calculate the remainder when 218367 is divided by 435.
432
What is the remainder when 2983 is divided by 2939?
44
What is the remainder when 4259 is divided by 203?
199
Calculate the remainder when 42080 is divided by 111.
11
Calculate the remainder when 56377 is divided by 5113.
134
Calculate the remainder when 27963 is divided by 436.
59
Calculate the remainder when 54 is divided by 11.
10
Wh